1789 is divided by 87.
81
Calculate the remainder when 2320288 is divided by 64452.
16
What is the remainder when 3896982 is divided by 735?
12
What is the remainder when 1160156 is divided by 579240?
1676
Calculate the remainder when 690659 is divided by 395.
199
Calculate the remainder when 19203877 is divided by 56.
21
Calculate the remainder when 46772 is divided by 22671.
1430
What is the remainder when 146616644 is divided by 167?
163
What is the remainder when 270037602 is divided by 451?
450
Calculate the remainder when 55565609 is divided by 10.
9
What is the remainder when 522251199 is divided by 800?
799
Calculate the remainder when 1745142 is divided by 10.
2
Calculate the remainder when 119640568 is divided by 21.
19
What is the remainder when 74864 is divided by 14834?
694
What is the remainder when 15074038 is divided by 3223?
67
Calculate the remainder when 57724 is divided by 2887.
2871
Calculate the remainder when 60884255 is divided by 96.
95
Calculate the remainder when 544372511 is divided by 7946.
7943
What is the remainder when 10130060 is divided by 802?
800
Calculate the remainder when 732359 is divided by 146458.
69
Calculate the remainder when 407269439 is divided by 236.
227
What is the remainder when 23887784 is divided by 2855?
2854
Calculate the remainder when 2318214 is divided by 3137.
3108
Calculate the remainder when 1194112 is divided by 499.
5
What is the remainder when 12196 is divided by 2405?
171
What is the remainder when 594328 is divided by 59?
21
What is the remainder when 16999705 is divided by 86?
85
Calculate the remainder when 24278731 is divided by 6069672.
43
What is the remainder when 4088110 is divided by 240476?
18
What is the remainder when 668027 is divided by 307?
302
Calculate the remainder when 5158 is divided by 182.
62
What is the remainder when 6901993 is divided by 358?
111
Calculate the remainder when 19777261 is divided by 972.
949
Calculate the remainder when 65387503 is divided by 654.
583
Calculate the remainder when 476983 is divided by 424.
407
What is the remainder when 137551742 is divided by 926?
924
Calculate the remainder when 148992 is divided by 29732.
332
Calculate the remainder when 454589 is divided by 454358.
231
What is the remainder when 1794009 is divided by 1300?
9
What is the remainder when 108094 is divided by 887?
767
What is the remainder when 197373 is divided by 2434?
219
What is the remainder when 6452785 is divided by 586604?
141
Calculate the remainder when 86894 is divided by 11.
5
What is the remainder when 933378 is divided by 847?
831
Calculate the remainder when 4781283 is divided by 132813.
15
Calculate the remainder when 13767 is divided by 90.
87
Calculate the remainder when 55830285 is divided by 498.
3
Calculate the remainder when 10091212 is divided by 1058.
8
What is the remainder when 506425 is divided by 803?
535
Calculate the remainder when 91122 is divided by 2597.
227
Calculate the remainder when 140959 is divided by 140904.
55
Calculate the remainder when 10860193 is divided by 255.
253
What is the remainder when 25229584 is divided by 16?
0
Calculate the remainder when 138472 is divided by 17266.
344
Calculate the remainder when 2318193 is divided by 210704.
449
Calculate the remainder when 15540270 is divided by 116844.
18
Calculate the remainder when 284160 is divided by 70633.
1628
Calculate the remainder when 18638 is divided by 1861.
28
What is the remainder when 16533675 is divided by 24714?
9
Calculate the remainder when 14583867 is divided by 5520.
27
What is the remainder when 184400 is divided by 45969?
524
What is the remainder when 7447541 is divided by 4929?
4751
What is the remainder when 324536 is divided by 619?
180
What is the remainder when 266434 is divided by 637?
168
Calculate the remainder when 187638 is divided by 62474.
216
Calculate the remainder when 190896 is divided by 7950.
96
Calculate the remainder when 901971 is divided by 47472.
3
Calculate the remainder when 650762 is divided by 4519.
26
Calculate the remainder when 7280541 is divided by 838.
835
What is the remainder when 2809851 is divided by 1555?
1521
Calculate the remainder when 124963696 is divided by 926.
922
What is the remainder when 28873064 is divided by 925?
114
What is the remainder when 27582239 is divided by 302?
277
Calculate the remainder when 1043537060 is divided by 1094.
1092
What is the remainder when 457348 is divided by 457082?
266
What is the remainder when 1466904 is divided by 61?
37
Calculate the remainder when 818276 is divided by 3557.
166
What is the remainder when 170479 is divided by 126?
1
What is the remainder when 150204 is divided by 1004?
608
Calculate the remainder when 23483166 is divided by 5743.
39
What is the remainder when 196889 is divided by 195903?
986
Calculate the remainder when 27273 is divided by 1276.
477
Calculate the remainder when 58395885 is divided by 24.
21
Calculate the remainder when 2843477 is divided by 2111.
2071
What is the remainder when 15215395 is divided by 428?
423
Calculate the remainder when 98095 is divided by 5004.
3019
Calculate the remainder when 5649079 is divided by 339.
322
What is the remainder when 3034954 is divided by 619?
616
Calculate the remainder when 32110711 is divided by 154.
17
What is the remainder when 524490 is divided by 524270?
220
What is the remainder when 10200995 is divided by 27?
17
Calculate the remainder when 4728338 is divided by 591023.
154
Calculate the remainder when 2685273 is divided by 1342634.
5
Calculate the remainder when 151483 is divided by 15140.
83
What is the remainder when 522770 is divided by 705?
365
Calculate the remainder when 16652551 is divided by 23.
22
Calculate the remainder when 26463266 is divided by 8.
2
Calculate the remainder when 6116 is divided by 2984.
148
What is the remainder when 180599 is divided by 903?
902
Calculate the remainder when 2400832 is divided by 622.
534
What is the remainder when 11345953 is divided by 1481?
12
Calculate the remainder when 96302 is divided by 6008.
174
Calculate the remainder when 70813655 is divided by 411.
410
What is the remainder when 238315 is divided by 7233?
6859
What is the remainder when 1012118 is divided by 434?
30
What is the remainder when 10534953 is divided by 1504992?
9
What is the remainder when 4151323 is divided by 28?
15
What is the remainder when 3138191 is divided by 144?
143
What is the remainder when 159333 is divided by 542?
527
Calculate the remainder when 342847927 is divided by 202.
195
Calculate the remainder when 3326252 is divided by 10.
2
What is the remainder when 180253583 is divided by 112?
111
Calculate the remainder when 3385982 is divided by 11.
6
What is the remainder when 143899846 is divided by 908?
6
What is the remainder when 64615 is divided by 7177?
22
What is the remainder when 176546 is divided by 88262?
22
What is the remainder when 107374718 is divided by 320?
318
Calculate the remainder when 6706 is divided by 3158.
390
What is the remainder when 5020414 is divided by 1004081?
9
What is the remainder when 694857 is divided by 998?
249
What is the remainder when 224013182 is divided by 315?
302
Calculate the remainder when 5384914 is divided by 17.
11
What is the remainder when 1590461 is divided by 43?
20
Calculate the remainder when 255459 is divided by 1628.
1491
What is the remainder when 310117 is divided by 1378?
67
Calculate the remainder when 38461259 is divided by 504.
11
What is the remainder when 13177984 is divided by 1882568?
8
Calculate the remainder when 2846004 is divided by 15632.
980
Calculate the remainder when 3831414 is divided by 6281.
4
Calculate the remainder when 514067 is divided by 84932.
4475
Calculate the remainder when 1395533 is divided by 8.
5
Calculate the remainder when 168256619 is divided by 63.
62
What is the remainder when 77877 is divided by 9680?
437
What is the remainder when 592209 is divided by 592200?
9
Calculate the remainder when 20084239 is divided by 115.
64
What is the remainder when 3094018 is divided by 134522?
12
Calculate the remainder when 1066724 is divided by 1157.
1127
Calculate the remainder when 2194282 is divided by 391.
381
What is the remainder when 1008837 is divided by